 3*y + 305. Suppose z - 2*a + 3 = -5*a, 3*z + 4*a = 1. Determine r(z).
-9
Let w(r) = -9*r**2 + 20*r + 8. Let i(g) = -25*g**2 + 58*g + 23. Let t(b) = 6*i(b) - 17*w(b). What is t(-3)?
5
Let y be ((-2)/5)/((-1)/15). Let d(r) be the first derivative of -2*r**3/3 + 5*r**2/2 + 18*r - 13. Let n(s) be the first derivative of d(s). Determine n(y).
-19
Suppose -5*t + 8*t = 0. Let z(h) = h**3 + h**2 + 7. Let f be z(t). Let n(g) = -g + 1. Let y(x) = 5*x - 19. Let r(j) = 4*n(j) + y(j). Give r(f).
-8
Let x(n) = 10*n**2 - 7 + 13*n**2 - 24*n**2 + 6*n. Let z(i) = 2*i - 5. Let s be z(5). Let j be x(s). Let c(o) = -3*o**2 - o. Give c(j).
-10
Let r(u) = -14*u - 4*u**2 + 6 + 22*u + 6*u. Let a(o) = -o**2 + o - 1. Let c(v) = -5*a(v) + r(v). What is c(-8)?
3
Suppose 0 = -12*b + 2*b + 20. Let g(c) = -c**3 + 0*c**3 - 2 + 0 + c - 2*c**b. Determine g(-3).
4
Let a(o) = -9*o**2 + 6*o**2 - 64 + 66 + o**3. What is a(2)?
-2
Let d(r) = r**2 + 4*r - 3. Let m(j) = 2*j + 33. Let q be m(-15). Suppose -q*b - 11 = -a, -2*b = 2*a + 3 + 15. Determine d(b).
2
Let g(t) be the second derivative of -t**2/2 + 22*t. Let o(f) = f + 5. Let n(h) = 6*g(h) + o(h). Give n(-5).
-6
Suppose 2*m - 2 = -m - s, 0 = 3*m + 3*s. Let p(v) be the first derivative of 5*v**4/4 - 2*v**3/3 + v + 1. Determine p(m).
4
Suppose 5*o - 4*t + 14 = 0, -5*o + 4*t - 3*t = 26. Let d(x) = x**3 + 7*x**2 + 8*x + 7. Give d(o).
-5
Let c(o) = -4*o**2 + 2*o + 12. Let p = 23 - 17. Let s(r) = -5*r**2 + r + 13. Let i(q) = p*c(q) - 5*s(q). What is i(-6)?
1
Let n(s) = s**3 + 3*s**2 - 3*s. Suppose 5*b - 134 = -62*b. Calculate n(b).
14
Let z(c) be the second derivative of -4*c - 1/2*c**2 + 0 - 3/2*c**3. Let t(u) = -u**3 + 10*u**2 - 9*u + 1. Let p be t(9). What is z(p)?
-10
Let p(q) = q**2 - 14*q - 20. Suppose -7*i - 15 = -120. What is p(i)?
-5
Let a be -5 - -3 - (4 - 9). Let z(q) be the third derivative of -1/6*q**4 - 1/60*q**5 - 5/6*q**a + 0 + 7*q**2 + 0*q. Determine z(-4).
-5
Suppose -27*q = -22*q - 45. Let a(w) = -w - 10. Calculate a(q).
-19
Suppose -2*j + p + 2 = -2, -j - 5*p - 20 = 0. Let s(q) = j*q**2 + q**2 - 10 + 15. Calculate s(0).
5
Let l(c) = c**3 - 7*c**2 + 2*c - 13. Let f be l(7). Let p(d) = 2*d - 1. Let x(g) = 6*g + 4. Let t(b) = f*x(b) - 2*p(b). Give t(-4).
-2
Let k(p) = -4*p - 8 + 8*p - 3*p - 2*p. Let j(y) = 3*y + 3. Let q be j(-3). Determine k(q).
-2
Let y(l) = -6 - 2 - l - 6*l**3 + 7*l**3 + 6*l**2 + 7. Determine y(-7).
-43
Let p = 1126 + -1125. Let y(q) = -4*q + 3. Let z(b) = -4*b. Let i(g) = -13*g - 1. Let k(d) = -2*i(d) + 7*z(d). Let t(u) = -5*k(u) + 3*y(u). Give t(p).
-3
Let q(l) = -l. Let n = 0 - -3. Suppose -3*y = -b + 9, 6*b = 3*b + y + 11. Suppose -2*f - 24 = b*w + 2*w, 3 = -n*w - 5*f. Calculate q(w).
6
Let u(r) = 7*r - 2. Let t(y) = 11*y - 3. Let j(g) = 5*t(g) - 8*u(g). Suppose -5*o + 2*a - 30 = 0, 14 = -o + a + 8. Determine j(o).
7
Suppose 2*c = 10, 0 = -0*l + l + 5*c - 31. Let p(k) = -k - 1. Let w(u) = 4*u + 8. Let g(b) = l*p(b) + 2*w(b). What is g(7)?
24
Let t(s) = -3*s - 1. Let i = 94 + -93. Determine t(i).
-4
Let k(s) = 10*s. Let u(a) = -3*a. Let f(r) = -4*k(r) - 14*u(r). Let m be f(0). Suppose m = n - 5*n. Let i(h) = h**3 - h - 6. What is i(n)?
-6
Suppose -3*u - 12 = u. Let y = -1 - u. Let d(o) = 4 + 7*o - 1 - 13*o. Give d(y).
-9
Suppose 0 = -5*z - 73 - 77. Let j = -37 - z. Let v(w) = -w**2 - 9*w - 8. What is v(j)?
6
Let t(j) = 3*j + 20. Let f = 1106 - 1115. Calculate t(f).
-7
Let d(o) = o**3 - 6*o**2 + 7. Let p(i) = -i + 6. Let y be p(6). Let n be (-1 + -4)*24/20. Let j = y - n. Determine d(j).
7
Let w(h) = -13*h**2 + 3*h + 4. Let n(l) = -36*l**2 + 9*l + 12. Let s(i) = 4*n(i) - 11*w(i). Calculate s(4).
0
Let p(h) = 2*h**3 + h**2 + 11*h + 2. Let w(z) = -z**3 - 6*z - 1. Suppose -5*s = 2*g + 15, 4*g - 2*s + 8 = 38. Let b(i) = g*w(i) + 3*p(i). What is b(-2)?
-1
Let k(o) = -o**2 - 10*o + 12. Let f(p) = -p. Let i be f(11). What is k(i)?
1
Suppose -9*b + 4*b = 2*n - 303, b - 2*n = 51. Let d = -62 + b. Let h(k) = -k**3 + 3*k. Determine h(d).
18
Let o(c) = -c**2 + 9*c + 1. Let f(q) = 4*q - 40. Let l be f(19). Suppose 13*j - 16 = l. Give o(j).
21
Let i be (-2 - (-1 + 6)) + (-156)/39. Let j(v) = -v**3 - 11*v**2 + v + 3. Determine j(i).
-8
Let b(o) be the second derivative of -o**7/504 - o**6/240 - o**5/60 + 9*o**4/4 - 29*o. Let y(g) be the third derivative of b(g). Give y(-2).
-16
Let t(d) = 8*d + 30*d**2 + 1 - d**3 - 70*d**2 + 32*d**2 + 0*d. Calculate t(-9).
10
Let p(b) = b**2 - 8*b - 6 - 5*b + 10*b - 2. Let z be 14/(-2)*(0 + -1). Calculate p(z).
20
Let z(b) = -b - 6 + 2 - 9. What is z(-11)?
-2
Let k(i) = i - 15 - 30 + 30. Determine k(14).
-1
Let f(n) = -1 - 1 + 5*n - 1 - n + 6. Calculate f(-3).
-9
Let m = 34 + -33. Let i = 10 - 1. Let v(l) = i*l**2 - 3 + 3 - 6*l**2. Give v(m).
3
Let l(f) = -f. Let v(n) = 6*n + 7. Let q(t) = -5*l(t) - v(t). Let m(u) be the first derivative of -u**2 - 7*u - 78. Let d(c) = 3*m(c) - 4*q(c). What is d(6)?
-5
Let o(m) = m**2 + m + 2. Let w be o(-3). Let h(a) = 2 + w - 2*a + 0*a. Suppose t = 5*j + 12, -j - 3*j - 25 = -3*t. Give h(t).
-4
Let u(s) = -32*s**3 + 2*s**2 - 2*s + 16*s - 13*s. Calculate u(-1).
33
Let b(y) = -y**2 + 14*y - 17. Let v be b(10). Suppose -2*w = 3*c + v, -2*w = -2*c - 3 - 9. Let j(d) = d + 6. Calculate j(c).
-1
Let i(r) = r**2 - 2*r - 7. Let y(g) = g**2 - 2*g - 7. Suppose 4*o - 17 = o + 2*s, 0 = -3*s - 12. Let z(b) = o*i(b) - 4*y(b). Determine z(5).
-8
Suppose m + n + 0 - 9 = 0, -n = -4*m + 16. Let u(d) be the second derivative of 5*d - 1/12*d**4 + 0 - 3*d**2 + 7/6*d**3. Calculate u(m).
4
Let a(q) = -9*q**2 - 15*q - 19. Let w(l) = 3*l**2 + 5*l + 6. Suppose -4*t = -3*t - 2. Let y(g) = t*a(g) + 7*w(g). Give y(-3).
16
Let y(f) = f**3 + 4*f**2 + f - 3. Suppose 7*w = 9*w + 6. Let t be w/18 + 69/(-18). What is y(t)?
-7
Suppose 8*o = 17*o - 63. Let w(d) = -4*d + 23. Determine w(o).
-5
Let w(k) = k**2 - 4*k + 4. Let g(b) = -b**2 + 3*b + 1. Let l be g(3). Suppose -l = -2*x - 17. Let v(n) = n**2 + 8*n + 5. Let s be v(x). Give w(s).
9
Let k(z) = z**2 + 3*z - 5. Suppose 3*g - 4 = 4*g - 3*c, g - c = -4. Determine k(g).
-1
Suppose -4*y + 22 = -3*z, -5*z - 18 = 2*y - 4*y. Let r(n) = -11*n + 2. Let w(f) = 5*f - 1. Let h(b) = z*r(b) - 5*w(b). Give h(-5).
16
Let q(j) = -j**2 + 8*j + 9. Let o(i) = -i**3 - 2*i**2 + 35*i + 8. Let c be o(-7). Determine q(c).
9
Suppose -3*b + 6*j = 3*j, -5*b = 4*j - 36. Let d(s) = 2*s + 10 - b*s + 2. Calculate d(8).
-4
Suppose 18*i = 17*i + l - 11, 4*i + 29 = l. Let j be (0/(-1) + -1)*5. Let u be 3/i*(-1 + j). Let y(f) = -f**3 + 2*f**2 + 2*f + 3. Give y(u).
0
Let c(h) = -58*h + 123*h - 63*h - 8. Give c(12).
16
Let h(z) = -z - 10. Let n be ((-2)/(-5))/(8/(-120)). Let x be (-3)/n + (-90)/12. Let m(r) = 2*r + 19. Let b(g) = x*h(g) - 4*m(g). Calculate b(-6).
0
Let o = -25 - -27. Let m(x) = 13*x + 4*x**2 - 2*x - 2*x - 3 - 5*x**o. What is m(6)?
15
Suppose -2*q + f + 6 = 0, 1 = q + 4*q + f. Let r(m) = q - m + 0 + 6*m + 0*m. Determine r(1).
6
Suppose 4*p - 5 = 7. Let t = 12 + -9. Let j(a) = a**2 + a - 1. Let m(u) = -2*u**2 - u + 3. Let w(x) = t*m(x) + 5*j(x). Determine w(p).
1
Let g(y) be the third derivative of y**6/30 + y**4/12 - y**3/6 + 496*y**2. Suppose 5*m = 20, -4*t + m - 2 = 10. Let k be (-1 - t/1)*1. Calculate g(k).
5
Let y be 1/(-4) + (-57)/12. Let k(b) = b**3 - b**2 + b - 1. Let o(m) = -10*m**3 - 4*m**3 + 9*m**3 + 10 + 4*m. Let c(z) = 4*k(z) + o(z). Determine c(y).
-9
Let p(b) = 3*b + 0*b + 2 - 5. Let m(a) = a**2 - 5*a + 6. Let v be m(4). Calculate p(v).
3
Let j(y) = y + 7. Suppose -1 = -7*g - 50. Determine j(g).
0
Let v(t) = t**2 + 3*t - 3. Let k be v(-4). Let c be 0/k + 2/1. Let b(h) be the second derivative of h**4/6 - h**3/3 - h**2/2 + 5*h. Determine b(c).
3
Let j(z) = -z**2 + 6*z - 8. Let y(k) = -2*k**2 - 15 + 10*k + k**2 - k**2 + 2*k. Let r(w) = -11*j(w) + 6*y(w). Give r(5).
3
Let p(o) = -o**2 + 8*o - 14. Let z be 21/2 - (-29)/58 - 4. Calculate p(z).
-7
Let r(m) = 94 - 102 - 6*m**2 - m + m**3 - 7*m. Give r(7).
-15
Let b(g) be the first derivative of g**3/3 - g**2 - 226. Calculate b(0).
0
Let y be -2*(-3 - (-3 - -1)). Let w(a) = 2*a**y - 79*a + 77*a + 2 + a**3 + 0*a**3. Let i(k) = -k - 7. Let s be i(-4). Determine w(s).
-1
Let z(s) be the third derivative of -s**6/120 - s**5/12 + 7*s**4/24 + s**3 + s**2. Suppose -9*p + 12*p + 114 = 0. Let d =